- 0). Let c be m/6 + 1/(-2). Calculate the remainder when 33 is divided by 34/8*c/1.
16
Let m(y) = 5*y**2 - 3*y - 3. What is the remainder when m(-2) is divided by 6?
5
Suppose 3 - 11 = 4*y. What is the remainder when 3*((-320)/(-12) + -3) is divided by (6 + 2)/y*-6?
23
Let x(s) = -s**3 + 22*s**2 + 23*s + 17. Calculate the remainder when -80*(1 + (-7)/5) is divided by x(23).
15
Let n = 64 + -42. Suppose u = 4*m - 3*m - 7, n = 2*m + 2*u. What is the remainder when 25 is divided by m?
7
Let y = -8 - -20. Let z = y + -5. Let b = z + -3. Calculate the remainder when 7 is divided by b.
3
Suppose 3*r = -3, 0*r = -3*c + 2*r + 68. What is the remainder when 87 is divided by c?
21
Suppose 0 = 2*o - 5*o + 6. Suppose -3*d - 2*d = -3*l + 137, 164 = 4*l - o*d. Calculate the remainder when l is divided by 14.
11
Suppose u - 59 = 3*w, 5*w + 95 = 3*u - 78. Let g = -33 + u. What is the remainder when g is divided by 8?
7
Suppose 5*m = -m + 144. Calculate the remainder when 23/3*(-6)/(-1) is divided by m.
22
Let d(b) = -4*b**3 + 2*b + 1. Let x = -4 + 6. Suppose -s = x*s + 3. What is the remainder when 5 is divided by d(s)?
2
Suppose -7*g = 2*g - 378. What is the remainder when g is divided by 13?
3
Let k(f) = f**3 + 9*f**2 + 8*f + 12. Let b(g) = g**2 + 12*g + 5. Calculate the remainder when k(-8) is divided by b(-12).
2
Suppose 552 = 8*z - 2*z. Calculate the remainder when z is divided by 25.
17
Let f(q) be the second derivative of -43*q**4/6 - q**2/2 + 4*q. Let h be f(2). Calculate the remainder when h/(-25) - (-2)/10 is divided by 5.
4
Let j = 160 + -22. Suppose j = 4*y + 42. What is the remainder when 69 is divided by y?
21
Let u(j) = -j**2 - 13*j + 21. What is the remainder when 15 is divided by u(-14)?
1
Let v be 1/(-2) + 30/(-20). What is the remainder when -3 + (48 + v - -1) is divided by 4/(-2)*1 - -17?
14
Let n be ((-5)/15)/((-1)/9). Suppose 0 = -3*x + n*r - 21, 5*r = -2 + 7. Let g = 12 + x. What is the remainder when 21 is divided by g?
3
Suppose 167 = 3*d - 28. What is the remainder when d is divided by 33?
32
Let k be (4/(-5))/(2/(-5)). Let f be (-1)/(k - 10/4). What is the remainder when -19*2*(-1)/f is divided by 10?
9
Suppose 3*v = 3*l + 8 - 35, 4*l = -4*v + 44. Calculate the remainder when 29 is divided by l.
9
Let g = 7 - 4. Suppose -k - 4*k = 2*c - 45, 0 = 5*c - 4*k - 30. What is the remainder when c is divided by g?
1
Suppose 2*k = -u + 73, -3*k + 1 = -2. What is the remainder when u is divided by 26?
19
Suppose -14 - 136 = -2*t. What is the remainder when t is divided by 13?
10
Let l(d) = -d - 1. Let m = -14 + 8. Let v be l(m). Suppose v*p - 3*p - 14 = 4*u, 2*p = -u + 19. What is the remainder when 35 is divided by p?
8
Suppose 5*i = 208 + 112. Suppose -i = -0*c - 4*c. What is the remainder when 31 is divided by c?
15
Suppose 0 = -4*t - 0*t + 4. Calculate the remainder when t is divided by 1.
0
Let o(p) = p**3 + 5*p**2 + 6*p + 4. Let t be o(-4). Let l = 3 - t. Calculate the remainder when 12 is divided by l.
5
Let r(t) = -t**2 + 11*t + 8. Suppose 6*i - 2*i = 0. Suppose -44 = -4*p - 4*m, 2*m - 11 = -p - i*m. Calculate the remainder when r(8) is divided by p.
10
Let f(g) = 9*g**2 - g - 2. Calculate the remainder when f(3) is divided by 26.
24
Calculate the remainder when 4 + 3620/55 + 2/11 is divided by 25.
20
Suppose -4*i - 8 = 4*t, i = 4*i - 2*t - 4. Suppose b - 4 = -i. Calculate the remainder when -1 + 0 + (-14)/(-2) is divided by b.
2
Let a(j) be the first derivative of -j**4/4 + 2*j**3 + 4*j**2 + 5*j + 3. Calculate the remainder when 34 is divided by a(7).
10
What is the remainder when 2/(-6) - 104/(-6) is divided by 11?
6
Let f be 2/(-8) + 51/12. What is the remainder when f/(-8)*6 + 62 is divided by 12?
11
Let f = 3 + 1. Suppose -4*d - f*o + 220 = 0, -4 = -5*o - 24. Calculate the remainder when d is divided by 20.
19
Suppose 26 = 4*o - 4*u - 50, -3 = u. Let d(z) = 4*z**2 - 3. Let t be ((-12)/8)/((-3)/8). What is the remainder when d(t) is divided by o?
13
Suppose 0 = 3*t - 3*s - 78, -2*t - 4 = -s - 52. What is the remainder when t is divided by 14?
8
Let l be (3*1)/((-3)/2). Let z(j) = -13*j - 9. Let i(v) = 7*v + 4. Let b(u) = -5*i(u) - 2*z(u). What is the remainder when b(l) is divided by 9?
7
Let l = -1 - -7. Suppose 3*a - l*a + 12 = 0. What is the remainder when 5 is divided by a?
1
Suppose 4*n - 80 = -n. Let l(j) = j**3 + 9*j**2 + 7*j - 10. Let p be l(-8). What is the remainder when n is divided by p/5 - (-94)/10?
7
Let c(r) = 10*r + 2. Let y be -2 - (-3)/(6/76). Suppose 8*a - 5*a = y. What is the remainder when c(2) is divided by a?
10
Let w(v) = -2*v - 4. Let z be w(-6). Let j = z - 6. Let l(a) = 31*a - 1. Calculate the remainder when l(j) is divided by 21.
19
Let u(c) = c**3 + 12 - 20*c - 3 + 8*c + 9*c**2. What is the remainder when u(-10) is divided by 15?
14
Suppose -4*n = -5*d - 40, 0 = d - 2*n + 6*n + 32. Calculate the remainder when 8/d*-6 - -1 is divided by 4.
1
Suppose -v + 3*v - 10 = 0. Suppose 4*s + 0 = 2*z + 10, v*z + 1 = 4*s. Calculate the remainder when 3 is divided by z.
0
Let k be (-24)/32 - (-102)/8. Suppose g - k = -0*g. Calculate the remainder when 23 is divided by g.
11
Let g(t) = 31*t**2 + 2*t + 1. Let y = 427 - 416. What is the remainder when g(-1) is divided by y?
8
Suppose -4 = -4*h - 12. Let i = -27 - -43. Calculate the remainder when i is divided by 6 + h + 0 + 2.
4
Let f(x) = x**2 - 2*x - 5. Let i be f(4). Suppose -i*p = -7 - 2. Calculate the remainder when (6/(-4))/(6/(-20)) is divided by p.
2
Suppose -k + 5 - 2 = 0, -2*k + 16 = -2*v. Let q = 8 + v. Suppose -5*p - q = -63. What is the remainder when p is divided by 7?
5
Let m(f) = -f**3 - 5*f**2 - 5*f - 5. Suppose n - 2 = 5. Calculate the remainder when m(-5) is divided by n.
6
Let a(d) be the second derivative of -d**5/10 - d**2 + 5*d. Calculate the remainder when 27 is divided by a(-2).
13
Let t(n) = 5*n**2 - 4*n + 1. Let c(l) = -8*l - 1. What is the remainder when t(-3) is divided by c(-2)?
13
Let r be 3 + 1 + 3*-1. Calculate the remainder when 49 is divided by (1 + 0 - -15) + r.
15
Suppose -2*z = -6*z + 32. Let m(w) = 6*w - 5 - 9*w - w**3 - 5*w**2 + w. What is the remainder when z is divided by m(-5)?
3
Suppose 0 = -4*h + 2 + 6, 3*m = 4*h - 26. Let z(r) = -8*r - 7. What is the remainder when z(m) is divided by 352/24 + (-4)/6?
13
Suppose 4*c + x - 154 = -0*x, 0 = -5*x + 10. Let w = 30 + -17. Calculate the remainder when c is divided by w.
12
Let m = -5 + 8. Let y be 12/(-10)*(-110)/m. Suppose -c - 3*c + y = 0. Calculate the remainder when c is divided by 6.
5
Let d(j) = -j**2 + 7*j + 10. Let t be d(8). Suppose t*h = s + 3 + 4, 3*s + 3 = -3*h. What is the remainder when 2/(6/(-9)) - -6 is divided by h?
1
Let w(d) = -d**2 - 8*d - 7. Suppose -4*m = -4*c - 11 + 3, 0 = -5*c + 2*m - 19. What is the remainder when w(c) is divided by 5?
3
Suppose 0*d + 121 = 5*d - 3*g, -5*g + 15 = 0. Suppose x - 2*x - 5 = -4*k, 0 = 5*k + 5*x - 25. What is the remainder when d is divided by 9/k*(-2 - -4)?
8
Suppose 5*o + 3 = 18. Let u be 108 + 1 + -3 + o. Let j = -72 + u. Calculate the remainder when j is divided by 19.
18
Let u be (18/4)/((-6)/8). Let g(t) = -13*t - 4. Let n be g(u). Let m = n + -43. What is the remainder when m is divided by 11?
9
Suppose -5*j + 5*r + 7 = 2, -4*r = j - 21. Suppose 5*n - 165 = -j*g, 3*n = -g - 24 + 113. Calculate the remainder when n is divided by 15.
13
Let o(w) = 4*w - 2. Let a = -50 - -5. Let s = a + 73. Calculate the remainder when s is divided by o(3).
8
Let o(d) = -d**2 - 9*d - 10. Let u be o(-7). Calculate the remainder when 18 is divided by u/(-18) + 65/9.
4
Let k = -11 - -21. What is the remainder when 16 is divided by k?
6
Let x(c) = c + 23. What is the remainder when x(0) is divided by 8?
7
Let b = 28 - 14. Let i = -4 + b. Let r = -18 + 57. What is the remainder when r is divided by i?
9
Let x be 11/(-7) - 4/(-7). Calculate the remainder when 1 - 1 - (-40 + 1) is divided by (1 + x - 1) + 11.
9
Suppose 5 = 4*a - 59. Calculate the remainder when 42 is divided by a.
10
Let p(g) = -g**3 - 2*g - 1. Let z(l) = l**2 - 8*l + 7. Let h be z(7). Let r be 2*6/(-4) - h. What is the remainder when p(r) is divided by 17?
15
Let h = 43 + -19. What is the remainder when 117 is divided by h?
21
Let b(y) = y**3 - 12*y**2 - 13*y + 10. Suppose -1